s the millions digit of 14123464?
4
What is the thousands digit of 434681?
4
What is the hundreds digit of 18919091?
0
What is the ten thousands digit of 1417737?
1
What is the units digit of 207781?
1
What is the ten thousands digit of 198443?
9
What is the hundreds digit of 24829528?
5
What is the hundred thousands digit of 126754?
1
What is the tens digit of 340606?
0
What is the millions digit of 6656804?
6
What is the units digit of 3333833?
3
What is the thousands digit of 164129?
4
What is the hundreds digit of 644033?
0
What is the tens digit of 214922?
2
What is the ten thousands digit of 5899518?
9
What is the units digit of 2279290?
0
What is the units digit of 6831565?
5
What is the hundreds digit of 1153408?
4
What is the units digit of 844874?
4
What is the hundred thousands digit of 7694692?
6
What is the ten thousands digit of 158690?
5
What is the ten thousands digit of 1221987?
2
What is the hundred thousands digit of 6875582?
8
What is the ten thousands digit of 1959140?
5
What is the thousands digit of 905847?
5
What is the hundred thousands digit of 15040601?
0
What is the ten millions digit of 14491777?
1
What is the tens digit of 271738?
3
What is the hundreds digit of 363553?
5
What is the thousands digit of 312165?
2
What is the tens digit of 11272563?
6
What is the tens digit of 30931?
3
What is the tens digit of 759119?
1
What is the hundreds digit of 678150?
1
What is the hundreds digit of 30395853?
8
What is the ten thousands digit of 4727758?
2
What is the ten thousands digit of 1716722?
1
What is the hundreds digit of 1512512?
5
What is the tens digit of 595701?
0
What is the ten thousands digit of 20505881?
0
What is the tens digit of 157852?
5
What is the hundred thousands digit of 414608?
4
What is the ten thousands digit of 199598?
9
What is the ten thousands digit of 225332?
2
What is the thousands digit of 6907518?
7
What is the hundreds digit of 2711759?
7
What is the units digit of 187262?
2
What is the hundred thousands digit of 5342829?
3
What is the ten millions digit of 25239441?
2
What is the tens digit of 67331?
3
What is the millions digit of 1327731?
1
What is the units digit of 39164?
4
What is the hundreds digit of 13276?
2
What is the units digit of 10207044?
4
What is the hundreds digit of 218660?
6
What is the tens digit of 261548?
4
What is the ten thousands digit of 324930?
2
What is the thousands digit of 245726?
5
What is the hundreds digit of 4179?
1
What is the tens digit of 8168474?
7
What is the ten thousands digit of 99541?
9
What is the tens digit of 15682579?
7
What is the thousands digit of 104873?
4
What is the thousands digit of 428382?
8
What is the millions digit of 1253939?
1
What is the hundreds digit of 8834720?
7
What is the hundreds digit of 12381537?
5
What is the units digit of 8756481?
1
What is the hundred thousands digit of 7521391?
5
What is the thousands digit of 2079153?
9
What is the hundred thousands digit of 543915?
5
What is the thousands digit of 841865?
1
What is the ten millions digit of 10476656?
1
What is the ten thousands digit of 217831?
1
What is the hundred thousands digit of 12149705?
1
What is the ten thousands digit of 6303816?
0
What is the hundred thousands digit of 337499?
3
What is the hundred thousands digit of 2683719?
6
What is the hundreds digit of 1991402?
4
What is the hundreds digit of 505562?
5
What is the thousands digit of 6114322?
4
What is the tens digit of 198834?
3
What is the hundreds digit of 4272884?
8
What is the thousands digit of 44559?
4
What is the thousands digit of 8421?
8
What is the tens digit of 265589?
8
What is the thousands digit of 25520720?
0
What is the units digit of 1013750?
0
What is the thousands digit of 5069103?
9
What is the thousands digit of 1236192?
6
What is the units digit of 1845783?
3
What is the thousands digit of 7372044?
2
What is the units digit of 628090?
0
What is the ten millions digit of 35423066?
3
What is the thousands digit of 12293024?
3
What is the ten thousands digit of 1166539?
6
What is the thousands digit of 68222?
8
What is the hundred thousands digit of 2001160?
0
What is the ten thousands digit of 8207528?
0
What is the hundreds digit of 1158540?
5
What is the ten thousands digit of 2824706?
2
What is the hundred thousands digit of 20565454?
5
What is the hundreds digit of 13695833?
8
What is the hundred thousands digit of 155082?
1
What is the units digit of 5205206?
6
What is the hundreds digit of 1269404?
4
What is the ten millions digit of 21703064?
2
What is the units digit of 265671?
1
What is the thousands digit of 1495214?
5
What is the hundred thousands digit of 1967657?
9
What is the units digit of 2311034?
4
What is the tens digit of 21713908?
0
What is the hundred thousands digit of 9243357?
2
What is the tens digit of 6964?
6
What is the ten thousands digit of 6709494?
0
What is the tens digit of 4214531?
3
What is the hundred thousands digit of 485062?
4
What is the hundred thousands digit of 810099?
8
What is the ten thousands digit of 3386642?
8
What is the millions digit of 2345289?
2
What is the hundred thousands digit of 1766746?
7
What is the thousands digit of 4766734?
6
What is the millions digit of 2419955?
2
What is the hundred thousands digit of 628306?
6
What is the millions digit of 22277903?
2
What is the hundred thousands digit of 562776?
5
What is the hundreds digit of 722038?
0
What is the units digit of 5464155?
5
What is the thousands digit of 12362130?
2
What is the hundred thousands digit of 976735?
9
What is the thousands digit of 153295?
3
What is the thousands digit of 100568?
0
What is the hundreds digit of 168524?
5
What is the units digit of 3464124?
4
What is the ten thousands digit of 2028886?
2
What is the ten thousands digit of 11856?
1
What is the tens digit of 378483?
8
What is the ten thousands digit of 10785010?
8
What is the hundred thousands digit of 616404?
6
What is the tens digit of 19647418?
1
What is the tens digit of 297187?
8
What is the thousands digit of 97656?
7
What is the tens digit of 3826196?
9
What is the units digit of 3069893?
3
What is the hundred thousands digit of 233197?
2
What is the thousands digit of 335473?
5
What is the millions digit of 6282357?
6
What is the ten thousands digit of 3310097?
1
What is the millions digit of 12629042?
2
What is the millions digit of 1130300?
1
What is the ten thousands digit of 1113063?
1
What is the millions digit of 5894558?
5
What is the ten thousands digit of 3137424?
3
What is the units digit of 151870?
0
What is the hundred thousands digit of 1144447?
1
What is the millions digit of 1226521?
1
What is the hundred thousands digit of 646418?
6
What is the millions digit of 1173957?
1
What is the thousands digit of 19682105?
2
What is the thousands digit of 1589961?
9
What is the ten thousands digit of 28252?
2
What is the hundreds digit of 133353?
3
What is the thousands digit of 626929?
6
What is the millions digit of 4771685?
4
What is the hundreds digit of 22683307?
3
What is the millions digit of 5078067?
5
What is the thousands digit of 227428?
7
What is the units digit of 288937?
7
What is the millions digit of 3109309?
3
What is the tens digit of 2601513?
1
What is the units digit of 888831?
1
What is the tens digit of 4949345?
4
What is the ten thousands digit of 1037642?
3
What is the thousands digit of 31952331?
2
What is the millions digit of 1217268?
1
What is the millions digit of 1197685?
1
What is the hundreds digit of 1052618?
6
What is the ten thousands digit of 139035?
3
What is the thousands digit of 7486581?
6
What is the hundreds digit of 2994537?
5
What is the units digit of 9079435?
5
What is the millions digit of 1053330?
1
What is the tens digit of 86482?
8
What is the hundred thousands digit of 133997?
1
What is the thousands digit of 1331114?
1
What is the hundreds digit of 3273379?
3
What is the ten thousands digit of 12135750?
3
What is the hundreds digit of 19956843?
8
What is the units digit of 9031717?
7
What is the ten thousands digit of 908008?
0
What is the units digit of 417453?
3
What is the hundreds digit of 123514?
5
What is the units digit of 345729?
9
What is the thousands digit of 85011?
5
What is the thousands digit of 1